. Is b composite?
False
Let s(t) = t**2 - 5*t - 6. Let k be s(6). Suppose k = -d + 165 + 145. Suppose 0 = -z - 4*z + d. Is z a prime number?
False
Is (298 + -7)/((-3)/(-41)) a composite number?
True
Suppose -5*q + q - 24 = 0. Let w = q + 5. Is 2 + (41*-1)/w a composite number?
False
Let z(o) = 6*o**2. Let b be z(-1). Is (-562)/(-4) + b/(-4) prime?
True
Let k = 19 - -3. Let t = 25 - 20. Suppose -147 = -t*v - k. Is v composite?
True
Suppose 2*b - 2 = b. Suppose -403 = -b*u - 81. Is u prime?
False
Let p be ((-1)/2)/((-2)/276). Suppose -u + 4*k + 19 = -0*k, -2*u + 10 = -k. Suppose u*f = -6 + p. Is f composite?
True
Suppose -2*x + 4*c + 3134 = 0, -2*x + 7819 = 3*x - 2*c. Is x composite?
True
Let s(t) = -2 + 37*t**2 - 15*t**2 + 17*t**2 - 2*t + 8*t**2. Is s(3) composite?
True
Let x(q) = -6*q - 8. Let d(t) = t**2 + 5*t - 3. Let s be d(-4). Is x(s) composite?
True
Let d = -5624 - -11061. Is d prime?
True
Let z(k) = k**3 - 6*k**2 + 5*k + 2. Let n be z(5). Suppose 0 = n*c - c - 82. Is c a composite number?
True
Suppose 2*n + 1334 = 2*z - n, 0 = -3*z - 3*n + 2031. Is z composite?
False
Let b(r) = r - 9. Let n be b(0). Let j = n - -15. Suppose 3*i = j, -z + 2*i - i + 93 = 0. Is z composite?
True
Let b(l) = -l**3 - 5*l**2 + 3*l - 8. Let o be b(-6). Suppose -4*i + o = -10. Suppose -i*p - 33 = -5*c - 453, 4*p - 5*c = 334. Is p a composite number?
True
Let r(g) = -2*g + 4. Let z be r(4). Let h(q) = q**3 - q**2 - q + 91. Let p be h(0). Let k = z + p. Is k a prime number?
False
Suppose -5*r + 4*h + 9757 = 0, 3904 = 2*r - 5*h + 3*h. Is r a composite number?
False
Let n(o) = o**2 - 3*o + 1. Let q = 8 - 9. Let r be 1 + (2 - (-3 - q)). Is n(r) a composite number?
False
Let z(w) = 12*w**2 - 7*w - 3. Is z(-8) prime?
True
Suppose -3*w = -26 - 1. Let y = 62 - w. Is y prime?
True
Suppose 13*r = 10*r + 606. Is r a composite number?
True
Let a = -3097 + 4340. Is a a composite number?
True
Let n be (15/9 + -2)*-3. Let z be -3 + n + 5 + -7. Let u = 11 + z. Is u composite?
False
Let o be 2 - -2*(-6)/4. Is 1 + (-3 - o) + 56 composite?
True
Let v = 23 + -21. Suppose 2*h = -6, -2*o - v*o + h = -935. Is o a prime number?
True
Suppose 4*k + 10 = -k. Let m be (-876)/(-16) + k/(-8). Let d = 78 - m. Is d composite?
False
Suppose 0*t + 5*t + 885 = 0. Let k be t/(-6) - 3/2. Let b = k - 17. Is b composite?
False
Let a(y) = 27*y**2 + 6 - 3*y + 0*y - 28*y**2. Let x be a(-5). Let v(q) = 3*q**2 - q - 5. Is v(x) a composite number?
False
Suppose -b = 5*q + 15, 0*b - q = -4*b + 3. Suppose 2*i + 84 + 86 = b. Let l = -50 - i. Is l a prime number?
False
Let f(r) = -r**2 - 7*r - 7. Suppose -5*l = 29 - 4. Let t be f(l). Suppose t*g + 3*x = 399, -2*g + 2*x + 266 = x. Is g a composite number?
True
Let r(s) = 8*s**2 - s + 4. Let z(a) = 8*a**2 + 3. Let c(h) = -2*r(h) + 3*z(h). Is c(3) a composite number?
False
Suppose 0 = 2*g - 4. Suppose 2*d = -i + 41, g*i - 4*d = 68 - 18. Is i a prime number?
False
Let z(j) = -48*j - 5. Let l(x) = -48*x - 5. Let o(c) = 3*l(c) - 2*z(c). Is o(-8) a composite number?
False
Let c = -2 + 4. Let o be (8/(-20))/(c/(-5)). Is o + 1/((-2)/(-66)) composite?
True
Let g = 78 + 53. Is g composite?
False
Let g(k) = 6 + 3*k + 11*k + 13*k + k. Is g(5) prime?
False
Suppose -3*o - 15 = 0, 0*y + 29 = y - 5*o. Suppose 99 = y*i - i. Is i prime?
False
Is (16/(-40))/((-2)/10) + 3487 prime?
False
Suppose -5*q = -7*w + 3*w + 569, 0 = -4*w - 3*q + 561. Let n = w + -72. Is n a prime number?
False
Let u be 4*-26*(-94)/16. Suppose 0 = -4*i - 0*i + 4*x + 492, 4*x = 5*i - u. Is i composite?
True
Suppose 0 = -3*f + 2*h + 373, f - 5*f + 3*h = -499. Is f a prime number?
False
Suppose -9 = -5*t + 291. Suppose t = y - 239. Is y prime?
False
Let s = -46 + 171. Suppose 8*m - 3*m = -25, -4*z = -5*m - s. Is z composite?
True
Let j(i) = 6*i**2 + 7*i - 10. Is j(3) composite?
True
Let l be 11/(-22) - 361/(-2). Suppose -4*m + 88 = -l. Is m composite?
False
Let z be (0 - 1)*(-3695)/5. Is z/2 + 12/8 a composite number?
True
Is 0 - -148 - (2 + 1) prime?
False
Let u be (-4)/(-1)*354/8. Suppose -m + 0*m + u = 0. Let y = m + -124. Is y a prime number?
True
Suppose 4 - 169 = y. Let x = -82 - y. Is x composite?
False
Suppose b - 3*b = 0. Let a(o) = -o**2 - o + 97. Is a(b) a prime number?
True
Suppose 4*x - 6*x = -746. Is x composite?
False
Let c = -4 + 6. Is 330/4 - (-1)/c prime?
True
Let j(y) = y**2 + 8*y + 7. Let o be j(-6). Let t = o - -6. Is t*(-1)/(-1) + 12 composite?
False
Suppose 4*f - y = 2*y + 694, 2*f + y = 342. Suppose -155 - f = -3*j. Is j prime?
True
Let h(a) = -2*a**3 - 2*a**2 + 2*a + 5. Let n be h(4). Let t = -262 - n. Let c = -24 - t. Is c a composite number?
True
Let o(j) = 167*j**2 + 1. Let l be o(-1). Suppose -2*z - l + 926 = 0. Is z composite?
False
Suppose -5*q + 418 = -4*q. Let j = q + -299. Is j a prime number?
False
Let t = 9229 - 5102. Is t a prime number?
True
Suppose -5*p - 21 = -96. Let r be ((-40)/p)/(4/(-6)). Suppose -15 = -r*m + 21. Is m prime?
False
Let z(k) = 68*k**2 + 1. Let p be 4/(-12) + 26/(-3). Let f be 15/9 - (-6)/p. Is z(f) a prime number?
False
Suppose 4*x + w = 582, x + 2*w + w - 140 = 0. Suppose -x - 519 = -5*q. Is q a prime number?
False
Let n be (292/(-6))/(6/(-9)). Let l = n - 106. Let s = l + 56. Is s composite?
False
Let k be 39/26 + (-13)/2. Let i(z) = -6*z**3 - 2*z**2 + 4*z - 1. Is i(k) a prime number?
False
Let g be 0/(-3) + (-10)/(-1). Suppose 3*t - t - g = 0. Let i(o) = o**3 - 7*o + 1. Is i(t) prime?
False
Let m = 152 - 95. Let u = m + 40. Is u composite?
False
Suppose -2*r + 3282 = -4*m, 2*r + 2*r + 3*m - 6553 = 0. Is r composite?
True
Let x = 74 + -132. Suppose 2*d - 2 = -40. Let v = d - x. Is v a composite number?
True
Let f = 837 + -544. Is f a composite number?
False
Let t(n) = -3*n**2 + 6*n - 3. Let z be t(4). Let u = 84 + z. Is u a composite number?
True
Suppose -3*o = -5*h + 2*o + 8620, -h = 3*o - 1712. Is h a composite number?
False
Let o be 42/(-28)*8/(-3). Suppose -5*j - o*r + 1963 = -0*j, 4*r - 1173 = -3*j. Is j prime?
False
Suppose -3*y + 18 = -3*v, -v + 4*y - 12 = 9. Let b be 1 - v*(3 - 1). Suppose o + 73 = 3*c + 5*o, -5*c = -b*o - 170. Is c composite?
False
Let r(w) = w - 2. Let n be r(5). Let t(l) = 58*l + 3. Is t(n) prime?
False
Let c(a) = a**3 - a**2 - a + 844. Let h be c(0). Suppose 6*z = 2*z + h. Is z a composite number?
False
Suppose 28 = 2*z + y, 14 = z + 8*y - 3*y. Let i be (-276)/(-16) + 2/(-8). Let o = z + i. Is o a prime number?
True
Suppose 0 = 5*w - 5*f - 4000, -2*w = 5*f - 1617 + 38. Is w a prime number?
True
Suppose -c + 4*w = -473, -4*w = -3*c + 213 + 1222. Is c composite?
True
Let c = -19 + 51. Let z = -11 + c. Is z prime?
False
Suppose 3*s + 2*s - 45 = 0. Let q(v) = 2*v**3 - 13*v**2 - 4*v + 2. Is q(s) prime?
False
Let u = -6 - -10. Suppose 0 = -j + u*j. Suppose j = -3*f - 2*f + 110. Is f a composite number?
True
Suppose -968 = 3*l - 11*l. Is l a composite number?
True
Suppose 0 = u - 0*u + 13. Let p(t) = -t**2 - 24*t - 4. Is p(u) a prime number?
True
Let p(o) = 3*o**2 - 2*o - 1. Let i be p(-1). Suppose -3*s = 5*r - 1610 + 510, i*r = -2*s + 878. Is r prime?
False
Let n(a) = 4*a**2 + 0*a - 7 + 3*a**2 + 14 + 3*a. Is n(-7) prime?
False
Let y be 19/(-2)*(0 + -2). Let o = y - 12. Suppose -4*l = -o*l + 57. Is l a prime number?
True
Suppose d - 4*d = -3*x + 9, -2*d = 2*x - 18. Suppose x*g - 354 = -0*g. Is g a composite number?
False
Suppose -t = -3*v - 4, 4*t + 2*v + v = 16. Suppose -202 = -t*m - 62. Is m prime?
False
Suppose 0 = -l - 9 - 9. Let b be l/(-2)*(-155)/(-15). Let z = b - 10. Is z a prime number?
True
Let i(o) = 40*o - 7. Let j(r) = -20*r + 3. Let x(t) = -2*i(t) - 5*j(t). Is x(3) composite?
False
Let h(t) = 3*t - 3. Let p be h(2). Suppose 5*r = -i + p*i - 221, -r = -1. Suppose -5*g = i - 368. Is g a composite number?
True
Suppose -4*m = -0*m - 48. Is -39*1*(-20)/m composite?
True
Let o = -82 + 149. Is o a prime number?
True
Let n(z) = -2*z - 5. Let o be n(-4). Suppose 3*t = 2*w + 362, 0*t + 2*t = o*w + 238. Is t a prime number?
False
Let p(s) be the third derivative of s**4/12 + s**3/3 - s**2. Is p(6) composite?
True
Let b = -8 + 6. Let s(r) = -6*r - 1. Let z be s(b). Suppose 3*c - 4*w = 23 - 6, 2*w = -5*c + z. Is c prime?
True
Is ((-30)/20)/((-6)/316) a composite number?
False
Suppose 10274 = 14*p + 656. Is p a composite num